+ 5*q - p. Suppose -3*g - 2*g = -z. What is the units digit of g?
7
Let d = -7 + -4. Let w be (-2)/d + (-53)/(-11). Suppose -w*s = 5*r - 85, 3*s + 5*r = -s + 68. What is the units digit of s?
7
Let w = -7 + 1. Let n(m) = m**2 + 6*m - 2. Let u be n(w). Let s = 8 + u. What is the units digit of s?
6
Let o = -3 + 8. What is the units digit of o?
5
What is the tens digit of ((-2)/(-5) + (-49)/35)*-96?
9
Suppose 5*i + 17 + 3 = 0. Let k = -26 - i. Let a = k - -31. What is the units digit of a?
9
Suppose -328 = -4*j - 52. What is the tens digit of j?
6
Let t(v) = 7*v**3 - 13*v + 13. Let d(b) = 8*b**3 + b**2 - 14*b + 14. Let n(h) = -6*d(h) + 7*t(h). Let q = -9 + 16. What is the units digit of n(q)?
7
Let k(l) = -l**2 + 5*l - 3. Let m = 5 - 1. What is the units digit of k(m)?
1
Let x = 60 + 260. What is the units digit of x?
0
Suppose 2228 = 14*m + 142. What is the hundreds digit of m?
1
Let q(k) be the third derivative of k**6/120 - 2*k**5/15 + k**4/24 - k**3/6 - k**2. What is the units digit of q(8)?
7
Let f(u) = u**3 - 9*u**2 + 5. Let l be f(9). Let x = 66 - 47. Suppose x = 3*s - 5*z, -3*s + l*z = -s - 16. What is the units digit of s?
3
Suppose 4*g + 51 = -33. What is the units digit of 6/(-21) + (-153)/g?
7
Let l(s) = 2*s**2 - 12*s - 21. What is the units digit of l(10)?
9
Let t(i) = 2*i - 4. What is the units digit of t(14)?
4
Let u = 1121 - 800. What is the tens digit of u?
2
Suppose -5*z = -5*c - 410, 230 = -3*c - 4*z - 16. Let m = -44 - c. Suppose 2*j = 5*h - m, h + 4*j + 4 = -h. What is the units digit of h?
6
Let r(a) = a**2 - 4*a - 1. Let i be r(4). Let u = 6 + i. Suppose -35 = -5*v - u. What is the units digit of v?
6
Let t(f) = -f**3 - 4*f**2 + 2*f - 2. Let h be t(-4). Let c be ((-12)/h)/((-4)/(-10)). Suppose -j - 6 = -i, 5*i = -0*j + c*j + 26. What is the units digit of i?
4
Let l be 5/(-15) - 92/(-6). Let a be (-4)/10 - (-6)/l. Suppose -o + 2 + 2 = a. What is the units digit of o?
4
Suppose 10 - 2 = p. What is the units digit of p?
8
What is the units digit of (-13)/(-3) + (-8)/(-12)?
5
Let p(s) = 58*s**2 - 6. What is the units digit of p(-2)?
6
What is the units digit of (3/2)/((-13)/(-286))?
3
Let g be ((-5)/(-2))/(2/4). Let a = 16 - 14. Let k = a + g. What is the units digit of k?
7
Let j(x) = x**3 + 10*x**2 + x - 4. Let d be j(-10). Let n = 21 + d. What is the units digit of n?
7
Let j = 0 - 0. Suppose j*l - 3*l = 0. What is the units digit of 8 + -1 + 2 + l?
9
Let c(k) = 10*k**2 - 2*k - 3. Let t be c(-2). Let l = t - 24. Suppose -g = o + o - l, -4*o = -2*g - 38. What is the units digit of o?
9
Let t = 291 - 171. Suppose 8*p - t = 3*p. What is the tens digit of p?
2
Let d(c) be the third derivative of -c**5/40 - 5*c**4/24 - c**3/6 - c**2. Let w(t) be the first derivative of d(t). What is the units digit of w(-4)?
7
Suppose 0*v + 2*v - 256 = 4*s, 368 = 3*v + 2*s. What is the tens digit of v?
2
What is the tens digit of (228/24)/(2/28)?
3
Suppose -18 - 2 = -l. What is the tens digit of l/((2/(-3))/(-1))?
3
Let y = 35 + 10. Suppose 0 = 4*k + v - y, -5*v + 7 + 58 = 4*k. What is the units digit of k/(-25) + (-22)/(-5)?
4
Suppose -2*v + 4 = -6. Suppose -a + v*a = 72. What is the units digit of a?
8
Let y = -17 - -95. What is the tens digit of y?
7
Let c = -147 - -269. Suppose -3*m + 2*m + d = -34, 3*m - c = -d. Suppose 12 - m = -3*k. What is the units digit of k?
9
Suppose 5*k - k = 16. Let p = k + -4. Let z = 1 + p. What is the units digit of z?
1
Let y(d) = 1 - d - d + 5*d. What is the tens digit of y(9)?
2
Let b(u) = u**3 + 8*u**2 + 6*u + 4. Let n(q) = -2*q**2 + 4*q - 3 + 0 - q**2. Let p be n(2). What is the tens digit of b(p)?
1
Suppose -97 = -3*n - 10. Let d = n - 15. What is the units digit of d?
4
Let k = -12 - -46. What is the tens digit of k?
3
Suppose -4 = 5*k - 29. Let z = 10 - k. Suppose -3 = -m + w, -z*m - 3*w + 13 = -10. What is the units digit of m?
4
Let m = 12 - 18. Let s = -69 - -36. What is the tens digit of 2/m*(s - 0)?
1
Suppose -8 = -21*x + 20*x. What is the units digit of x?
8
Suppose 0*b = -b - 2. Suppose -2*t + 2*a = -8, -t - a = a - 19. Let j = b + t. What is the units digit of j?
7
Let x(o) = 0 + 0 + 2 + o. Let t be x(0). Suppose t*w - 24 = -w. What is the units digit of w?
8
Let d = 7 + -6. Let t(y) = -y + 2. Let b be t(d). What is the units digit of b - 42/(-3) - -2?
7
Suppose 0 = 5*i - 34 - 71. What is the tens digit of i?
2
What is the tens digit of (123/9)/(1/9 - 0)?
2
What is the tens digit of 14*(3 - (-14)/4)?
9
Let i(w) be the third derivative of w**5/60 + w**4/3 - 7*w**3/6 + 2*w**2. Let s be i(-9). What is the tens digit of s - (2 + 1 - 15)?
1
Let z(f) = 24*f**2 - 6*f. Let a be z(4). Suppose -6*k - 84 + a = 0. What is the units digit of k?
6
Let u = 2 + -4. What is the units digit of (-21)/(-12) - u/8?
2
Suppose -2*c = -2*d + 156, 0 = -3*d - 0*c + 4*c + 234. What is the units digit of d?
8
Suppose 13*f - 587 - 128 = 0. What is the units digit of f?
5
Suppose -5*k + 0*c = -5*c - 235, -c + 94 = 2*k. What is the units digit of k?
7
Suppose -3*d + 6 = -5*n, d = -d - n + 4. Suppose 5*h - 5*l = 6*h + 25, -3*h = -d*l + 109. Let g = -19 - h. What is the units digit of g?
6
Let v = 183 - 36. What is the hundreds digit of v?
1
Suppose 0 = c - 3*c + 14. What is the units digit of c?
7
Let f = 13 + 6. What is the tens digit of f?
1
Let u = 10 + 9. What is the tens digit of u?
1
Let u(d) = -d**2 - 4*d + 7. Let t(z) = -z - 1. Let a(o) = 2*t(o) + u(o). What is the tens digit of a(-5)?
1
Let m = 16 + 21. What is the units digit of m?
7
Let l(r) = r + 7. Let u(i) = -i + 1. Let x be u(1). Suppose x*a = 2*a + 10. What is the units digit of l(a)?
2
Let z be ((-105)/(-14))/(6/16). Suppose s + 2*s = -h + 21, 2*s = -h + z. What is the units digit of h?
8
Let w = -15 - -69. What is the units digit of w?
4
Let d(a) = a**3 - 7*a**2 - a + 7. Let j be d(7). Let r = j - -4. Let u = r + -3. What is the units digit of u?
1
Let b = 25 - 35. Let d(o) = -6 + 0 + 0 - o. What is the units digit of d(b)?
4
Let h = 1 - 1. Suppose -3*u - 4*k + 16 = h, u - 15 = -2*u - 3*k. Let m = u + 0. What is the units digit of m?
4
Suppose 0*o - 280 = -10*o. What is the units digit of o?
8
Suppose 4 = 2*g - 4. Suppose 6 + g = 5*c. Suppose 3*s = s - 5*y + 24, c*y - 25 = -3*s. What is the units digit of s?
7
Suppose s - n - 132 = 0, 7 = s + 2*n - 128. What is the hundreds digit of s?
1
Let y(o) = -5*o**3 - 2*o + 1. Let r be y(1). Let n(j) = -3*j + 19. Let s(w) = -w + 9. Let z(u) = -2*n(u) + 5*s(u). What is the units digit of z(r)?
1
Let t(c) = -33*c. What is the tens digit of t(-3)?
9
Suppose 2*r = 4*r - 8. What is the tens digit of (-2)/r*34*-1?
1
Suppose 2*n - 201 = -o, -221 = n - 3*n - 5*o. Suppose n = 4*v - 58. What is the tens digit of v?
3
Suppose f = -f. Suppose f*n + 4*h + 14 = 2*n, 0 = -3*n + h + 26. What is the units digit of n?
9
Let b(t) be the second derivative of t**5/20 + t**4/12 - t**3/2 + t**2 - 4*t. Suppose -3*d + 8 + 13 = -5*k, d + 4*k + 10 = 0. What is the units digit of b(d)?
8
Let w(x) = 2*x - 10. Let v be w(7). Let q(g) = -3*g - 7. Let y be q(-5). What is the units digit of (6/y)/(v/32)?
6
Let b be (2/(-6))/(2/(-6)). Let u(t) = t**3 + 5*t**2 + 6*t + 2. Let h be u(-4). What is the tens digit of (h/(-8))/(b/24)?
1
Suppose 0 = 4*n + a + 2, -4*n - 4*a = -8*a - 8. What is the tens digit of -17*(1 + n)*-1?
1
Let x = -2 + 2. Suppose i = -2*h + 2*i + 17, 4*h - i - 35 = x. What is the units digit of ((-6)/(-1))/(h/12)?
8
Suppose 16 = -4*w, 35 = 7*y - 2*y - 5*w. Suppose -7*a + y*a + 12 = 0. Suppose a*z = 28 - 10. What is the units digit of z?
6
Suppose 2 = -y + 6. Suppose -2 = -2*g - 3*x, -14 = 3*g - y*x - 0. Let k(i) = i**2 + 2. What is the units digit of k(g)?
6
Let l(h) = -h**3 - 10*h**2 - 10*h - 12. Let c be l(-9). What is the units digit of (c - -5)*7/2?
7
Let o = 7 + -2. Let q(u) = u**2 - 2*u + 3. What is the units digit of q(o)?
8
Let f(q) = q - 1. Let r be f(-3). What is the units digit of 6/r - (-38)/4?
8
Let z be 6*((-16)/(-6))/2. Suppose 0 = 3*b - z*b + 15. Suppose -3*d - 5*x - 9 = 0, -9 = 4*x + b. What is the units digit of d?
2
Suppose 4*m + 0*q - q = 142, 5*m - 183 = 4*q. What is the tens digit of m?
3
Let r(h) = h**3 + 21. What is the units digit of r(0)?
1
Suppose 3*f - 24 - 24 = -g, 0 = 2*f + 3*g - 32. Let o = f + -11. Wha